{"id":5353,"date":"2025-02-01T20:09:08","date_gmt":"2025-02-01T20:09:08","guid":{"rendered":"https:\/\/lartaly.com\/?post_type=product&#038;p=5353"},"modified":"2026-01-28T17:13:56","modified_gmt":"2026-01-28T17:13:56","slug":"dans-les-bois","status":"publish","type":"product","link":"https:\/\/lartaly.com\/fr\/produit\/dans-les-bois\/","title":{"rendered":"Dans les bois"},"content":{"rendered":"<p><span style=\"font-size: 18px;\">Immersion dans la for\u00eat et la lumi\u00e8re filtr\u00e9e par les feuilles. <\/span><span style=\"font-size: 20px;\">43\u00b039&rsquo;45.6&Prime;N 2\u00b046&rsquo;12.2&Prime;E<\/span><\/p>\n","protected":false},"excerpt":{"rendered":"<p><span style=\"font-size: 18px;\"><strong>Acrylique sur toile<\/strong><\/span><\/p>\n<p><span style=\"font-size: 18px;\">Enivr\u00e9e par parles odeurs des sous bois.<\/span><\/p>\n","protected":false},"featured_media":6264,"comment_status":"closed","ping_status":"closed","template":"","meta":{"_uag_custom_page_level_css":""},"product_brand":[78],"product_cat":[65],"product_tag":[90],"class_list":{"0":"post-5353","1":"product","2":"type-product","3":"status-publish","4":"has-post-thumbnail","6":"product_brand-40x40","7":"product_cat-toile","8":"product_tag-arbre","10":"first","11":"instock","12":"shipping-taxable","13":"purchasable","14":"product-type-simple"},"uagb_featured_image_src":{"full":["https:\/\/lartaly.com\/wp-content\/uploads\/2025\/02\/Cadre-dore-les-bois.png",1080,1080,false],"thumbnail":["https:\/\/lartaly.com\/wp-content\/uploads\/2025\/02\/Cadre-dore-les-bois-150x150.png",150,150,true],"medium":["https:\/\/lartaly.com\/wp-content\/uploads\/2025\/02\/Cadre-dore-les-bois-300x300.png",300,300,true],"medium_large":["https:\/\/lartaly.com\/wp-content\/uploads\/2025\/02\/Cadre-dore-les-bois-768x768.png",768,768,true],"large":["https:\/\/lartaly.com\/wp-content\/uploads\/2025\/02\/Cadre-dore-les-bois-1024x1024.png",1024,1024,true],"1536x1536":["https:\/\/lartaly.com\/wp-content\/uploads\/2025\/02\/Cadre-dore-les-bois.png",1080,1080,false],"2048x2048":["https:\/\/lartaly.com\/wp-content\/uploads\/2025\/02\/Cadre-dore-les-bois.png",1080,1080,false],"trp-custom-language-flag":["https:\/\/lartaly.com\/wp-content\/uploads\/2025\/02\/Cadre-dore-les-bois-12x12.png",12,12,true],"wishsuite-image":["https:\/\/lartaly.com\/wp-content\/uploads\/2025\/02\/Cadre-dore-les-bois-150x150.png",150,150,true],"woocommerce_thumbnail":["https:\/\/lartaly.com\/wp-content\/uploads\/2025\/02\/Cadre-dore-les-bois-300x300.png",300,300,true],"woocommerce_single":["https:\/\/lartaly.com\/wp-content\/uploads\/2025\/02\/Cadre-dore-les-bois-600x600.png",600,600,true],"woocommerce_gallery_thumbnail":["https:\/\/lartaly.com\/wp-content\/uploads\/2025\/02\/Cadre-dore-les-bois-100x100.png",100,100,true]},"uagb_author_info":{"display_name":"Taly","author_link":"https:\/\/lartaly.com\/fr\/author\/"},"uagb_comment_info":0,"uagb_excerpt":"Acrylique sur toile Enivr\u00e9e par parles odeurs des sous bois.","_links":{"self":[{"href":"https:\/\/lartaly.com\/fr\/wp-json\/wp\/v2\/product\/5353","targetHints":{"allow":["GET"]}}],"collection":[{"href":"https:\/\/lartaly.com\/fr\/wp-json\/wp\/v2\/product"}],"about":[{"href":"https:\/\/lartaly.com\/fr\/wp-json\/wp\/v2\/types\/product"}],"replies":[{"embeddable":true,"href":"https:\/\/lartaly.com\/fr\/wp-json\/wp\/v2\/comments?post=5353"}],"wp:featuredmedia":[{"embeddable":true,"href":"https:\/\/lartaly.com\/fr\/wp-json\/wp\/v2\/media\/6264"}],"wp:attachment":[{"href":"https:\/\/lartaly.com\/fr\/wp-json\/wp\/v2\/media?parent=5353"}],"wp:term":[{"taxonomy":"product_brand","embeddable":true,"href":"https:\/\/lartaly.com\/fr\/wp-json\/wp\/v2\/product_brand?post=5353"},{"taxonomy":"product_cat","embeddable":true,"href":"https:\/\/lartaly.com\/fr\/wp-json\/wp\/v2\/product_cat?post=5353"},{"taxonomy":"product_tag","embeddable":true,"href":"https:\/\/lartaly.com\/fr\/wp-json\/wp\/v2\/product_tag?post=5353"}],"curies":[{"name":"wp","href":"https:\/\/api.w.org\/{rel}","templated":true}]}}

<p><span style="font-size: 18px;">Immersion dans la forêt et la lumière filtrée par les feuilles. </span><span style="font-size: 20px;">43°39&rsquo;45.6&Prime;N 2°46&rsquo;12.2&Prime;E</span></p>

<p><span style="font-size: 18px;"><strong>Acrylique sur toile</strong></span></p>
<p><span style="font-size: 18px;">Enivrée par parles odeurs des sous bois.</span></p>

Acrylique sur toile Enivrée par parles odeurs des sous bois.
