{"id":5358,"date":"2025-02-01T20:14:07","date_gmt":"2025-02-01T20:14:07","guid":{"rendered":"https:\/\/lartaly.com\/?post_type=product&#038;p=5358"},"modified":"2026-02-09T16:31:47","modified_gmt":"2026-02-09T16:31:47","slug":"la-chapelle-st-martin-du-froid","status":"publish","type":"product","link":"https:\/\/lartaly.com\/en\/product\/la-chapelle-st-martin-du-froid\/","title":{"rendered":"La chapelle St Martin du Froid"},"content":{"rendered":"<p><span style=\"font-size: 20px;\">This chapel has been calling out to me for some time. I wanted to share with you <\/span><span style=\"font-size: 20px;\">ma pl\u00e9nitude \u00e0 1064 m\u00e8tres d&rsquo;altitude, face \u00e0 cette vue majestueuse.<\/span><br \/>\n<span style=\"font-size: 20px;\">Un havre d\u2019intensit\u00e9, aux paysages grandioses, offrant une vue sur les avants monts <\/span><span style=\"font-size: 20px;\">la plaine de B\u00e9ziers, la mer, <\/span><span style=\"font-size: 20px;\">le Narbonnais et le Roussillon.<\/span><br \/>\n<span style=\"font-size: 20px;\">The panorama extends from Pic St Loup to the Pyrenees chain.<\/span><\/p>","protected":false},"excerpt":{"rendered":"<p><span style=\"font-size: 18px;\"><strong>Oil on canvas<\/strong><\/span><\/p>\n<p><span style=\"font-size: 18px;\">The horizon from the chapel.<\/span><\/p>\n<p>&nbsp;<\/p>","protected":false},"featured_media":6242,"comment_status":"closed","ping_status":"closed","template":"","meta":{"_uag_custom_page_level_css":""},"product_brand":[75],"product_cat":[65],"product_tag":[90,102,107],"class_list":{"0":"post-5358","1":"product","2":"type-product","3":"status-publish","4":"has-post-thumbnail","6":"product_brand-46x61","7":"product_cat-toile","8":"product_tag-arbre","9":"product_tag-paysage","10":"product_tag-pierre","12":"first","13":"instock","14":"shipping-taxable","15":"purchasable","16":"product-type-simple"},"uagb_featured_image_src":{"full":["https:\/\/lartaly.com\/wp-content\/uploads\/2025\/02\/ART06388-scaled.jpg",2560,2560,false],"thumbnail":["https:\/\/lartaly.com\/wp-content\/uploads\/2025\/02\/ART06388-150x150.jpg",150,150,true],"medium":["https:\/\/lartaly.com\/wp-content\/uploads\/2025\/02\/ART06388-300x300.jpg",300,300,true],"medium_large":["https:\/\/lartaly.com\/wp-content\/uploads\/2025\/02\/ART06388-768x768.jpg",768,768,true],"large":["https:\/\/lartaly.com\/wp-content\/uploads\/2025\/02\/ART06388-1024x1024.jpg",1024,1024,true],"1536x1536":["https:\/\/lartaly.com\/wp-content\/uploads\/2025\/02\/ART06388-1536x1536.jpg",1536,1536,true],"2048x2048":["https:\/\/lartaly.com\/wp-content\/uploads\/2025\/02\/ART06388-2048x2048.jpg",2048,2048,true],"trp-custom-language-flag":["https:\/\/lartaly.com\/wp-content\/uploads\/2025\/02\/ART06388-12x12.jpg",12,12,true],"wishsuite-image":["https:\/\/lartaly.com\/wp-content\/uploads\/2025\/02\/ART06388-150x150.jpg",150,150,true],"woocommerce_thumbnail":["https:\/\/lartaly.com\/wp-content\/uploads\/2025\/02\/ART06388-300x300.jpg",300,300,true],"woocommerce_single":["https:\/\/lartaly.com\/wp-content\/uploads\/2025\/02\/ART06388-600x600.jpg",600,600,true],"woocommerce_gallery_thumbnail":["https:\/\/lartaly.com\/wp-content\/uploads\/2025\/02\/ART06388-100x100.jpg",100,100,true]},"uagb_author_info":{"display_name":"Taly","author_link":"https:\/\/lartaly.com\/en\/author\/"},"uagb_comment_info":0,"uagb_excerpt":"Huile sur toile L'horizon depuis la chapelle. &nbsp;","_links":{"self":[{"href":"https:\/\/lartaly.com\/en\/wp-json\/wp\/v2\/product\/5358","targetHints":{"allow":["GET"]}}],"collection":[{"href":"https:\/\/lartaly.com\/en\/wp-json\/wp\/v2\/product"}],"about":[{"href":"https:\/\/lartaly.com\/en\/wp-json\/wp\/v2\/types\/product"}],"replies":[{"embeddable":true,"href":"https:\/\/lartaly.com\/en\/wp-json\/wp\/v2\/comments?post=5358"}],"wp:featuredmedia":[{"embeddable":true,"href":"https:\/\/lartaly.com\/en\/wp-json\/wp\/v2\/media\/6242"}],"wp:attachment":[{"href":"https:\/\/lartaly.com\/en\/wp-json\/wp\/v2\/media?parent=5358"}],"wp:term":[{"taxonomy":"product_brand","embeddable":true,"href":"https:\/\/lartaly.com\/en\/wp-json\/wp\/v2\/product_brand?post=5358"},{"taxonomy":"product_cat","embeddable":true,"href":"https:\/\/lartaly.com\/en\/wp-json\/wp\/v2\/product_cat?post=5358"},{"taxonomy":"product_tag","embeddable":true,"href":"https:\/\/lartaly.com\/en\/wp-json\/wp\/v2\/product_tag?post=5358"}],"curies":[{"name":"wp","href":"https:\/\/api.w.org\/{rel}","templated":true}]}}

<p><span style="font-size: 20px;">This chapel has been calling out to me for some time. I wanted to share with you </span><span style="font-size: 20px;">ma plénitude à 1064 mètres d&rsquo;altitude, face à cette vue majestueuse.</span><br />
<span style="font-size: 20px;">Un havre d’intensité, aux paysages grandioses, offrant une vue sur les avants monts </span><span style="font-size: 20px;">la plaine de Béziers, la mer, </span><span style="font-size: 20px;">le Narbonnais et le Roussillon.</span><br />
<span style="font-size: 20px;">The panorama extends from Pic St Loup to the Pyrenees chain.</span></p>
